{"id":444,"date":"2014-05-22T10:48:48","date_gmt":"2014-05-22T09:48:48","guid":{"rendered":"http:\/\/www.lovauto.fr\/?page_id=444"},"modified":"2014-06-06T14:11:45","modified_gmt":"2014-06-06T13:11:45","slug":"nos-clients-professionnels","status":"publish","type":"page","link":"https:\/\/lovauto.fr\/?page_id=444","title":{"rendered":"Nos clients professionnels"},"content":{"rendered":"<div id='full_slider_1'  class='avia-fullwidth-slider main_color avia-shadow   avia-builder-el-0  el_before_av_heading  avia-builder-el-first   container_wrap sidebar_right'  ><div  class='avia-slideshow av-av_slideshow_full-b1540f231e1448ef5bc61cc764d9fe80 avia-slideshow-no scaling av_slideshow_full avia-slide-slider av-slideshow-ui av-control-default av-slideshow-manual av-loop-once av-loop-manual-endless av-default-height-applied   avia-slideshow-1' data-slideshow-options=\"{&quot;animation&quot;:&quot;slide&quot;,&quot;autoplay&quot;:false,&quot;loop_autoplay&quot;:&quot;once&quot;,&quot;interval&quot;:5,&quot;loop_manual&quot;:&quot;manual-endless&quot;,&quot;autoplay_stopper&quot;:false,&quot;noNavigation&quot;:false,&quot;bg_slider&quot;:false,&quot;keep_padding&quot;:false,&quot;hoverpause&quot;:false,&quot;show_slide_delay&quot;:0}\"  itemprop=\"image\" itemscope=\"itemscope\" itemtype=\"https:\/\/schema.org\/ImageObject\" ><ul class='avia-slideshow-inner ' style='padding-bottom: 14.563106796117%;'><li  class='avia-slideshow-slide av-av_slideshow_full-b1540f231e1448ef5bc61cc764d9fe80__0  av-single-slide slide-1 slide-odd'><div data-rel='slideshow-1' class='avia-slide-wrap '   ><img fetchpriority=\"high\" class=\"wp-image-476 avia-img-lazy-loading-not-476\"  src='https:\/\/lovauto.fr\/wp-content\/uploads\/2014\/05\/IMG-PAGE-temoignagepro-1030x150.png' width='1030' height='150' title='IMG-PAGE-temoignagepro-1030x150' alt=''  itemprop=\"thumbnailUrl\"   \/><\/div><\/li><\/ul><\/div><\/div><div id='after_full_slider_1'  class='main_color av_default_container_wrap container_wrap sidebar_right'  ><div class='container av-section-cont-open' ><div class='template-page content  av-content-small alpha units'><div class='post-entry post-entry-type-page post-entry-444'><div class='entry-content-wrapper clearfix'>\n\n<style type=\"text\/css\" data-created_by=\"avia_inline_auto\" id=\"style-css-av-av_heading-42c974317711dc0640365a2f1912b695\">\n#top .av-special-heading.av-av_heading-42c974317711dc0640365a2f1912b695{\npadding-bottom:40px;\n}\nbody .av-special-heading.av-av_heading-42c974317711dc0640365a2f1912b695 .av-special-heading-tag .heading-char{\nfont-size:25px;\n}\n.av-special-heading.av-av_heading-42c974317711dc0640365a2f1912b695 .av-subheading{\nfont-size:15px;\n}\n<\/style>\n<div  class='av-special-heading av-av_heading-42c974317711dc0640365a2f1912b695 av-special-heading-h1 blockquote modern-quote  avia-builder-el-1  el_after_av_slideshow_full  el_before_av_one_third  avia-builder-el-first '><h1 class='av-special-heading-tag'  itemprop=\"headline\"  >Nos clients professionnels parlent de LOVAUTO<\/h1><div class=\"special-heading-border\"><div class=\"special-heading-inner-border\"><\/div><\/div><\/div>\n<div  class='flex_column av-av_one_third-2a9015ff38129c418a3f2eafba3e9512 av_one_third  avia-builder-el-2  el_after_av_heading  el_before_av_two_third  first flex_column_div  '     ><section  class='av_textblock_section av-av_textblock-5423793a0e82d2455362b4eba580b48d '   itemscope=\"itemscope\" itemtype=\"https:\/\/schema.org\/CreativeWork\" ><div class='avia_textblock'  itemprop=\"text\" ><p><img loading=\"lazy\" decoding=\"async\" class=\"aligncenter wp-image-838 size-square\" src=\"http:\/\/www.lovauto.fr\/wp-content\/uploads\/2014\/05\/455670997-180x180.jpg\" alt=\"\" width=\"180\" height=\"180\" srcset=\"https:\/\/lovauto.fr\/wp-content\/uploads\/2014\/05\/455670997-180x180.jpg 180w, https:\/\/lovauto.fr\/wp-content\/uploads\/2014\/05\/455670997-80x80.jpg 80w, https:\/\/lovauto.fr\/wp-content\/uploads\/2014\/05\/455670997-36x36.jpg 36w, https:\/\/lovauto.fr\/wp-content\/uploads\/2014\/05\/455670997-120x120.jpg 120w\" sizes=\"auto, (max-width: 180px) 100vw, 180px\" \/><\/p>\n<\/div><\/section><\/div><div  class='flex_column av-av_two_third-e8b5fe92f046e7242c54fd1caeab6ce2 av_two_third  avia-builder-el-4  el_after_av_one_third  el_before_av_hr  flex_column_div  '     ><section  class='av_textblock_section av-av_textblock-5423793a0e82d2455362b4eba580b48d '   itemscope=\"itemscope\" itemtype=\"https:\/\/schema.org\/CreativeWork\" ><div class='avia_textblock'  itemprop=\"text\" ><p><strong>Secteur d\u2019activit\u00e9\u00a0: Industrie\u00a0P\u00e9trochimique PACA<\/strong><\/p>\n<p>T\u00e9moignage de Paul G., Contrema\u00eetre Responsable Flotte Automobile.<\/p>\n<p><em>\u00ab\u00a0Je travaille dans une raffinerie p\u00e9trochimique et dans le cadre de nos activit\u00e9s nous sommes amen\u00e9s \u00e0 louer des v\u00e9hicules utilitaires pour une dur\u00e9e de 3 \u00e0 6 mois en moyenne.<br \/>\nNous avons donc recours \u00e0 Lovauto car ils proposent la location au mois \u00e0 moyenne dur\u00e9e. De plus, les v\u00e9hicules utilitaires propos\u00e9s sont parfaitement adapt\u00e9s aux sp\u00e9cificit\u00e9s de notre domaine d\u2019activit\u00e9\u00a0: comme le syst\u00e8me anti-feux des engins.\u00a0\u00bb<\/em><\/p>\n<\/div><\/section><\/div><\/p>\n<div  class='hr av-av_hr-d3021aff4e2c88ff75459fd6b3a45a12 hr-default  avia-builder-el-6  el_after_av_two_third  el_before_av_one_third '><span class='hr-inner '><span class=\"hr-inner-style\"><\/span><\/span><\/div>\n<div  class='flex_column av-av_one_third-2a9015ff38129c418a3f2eafba3e9512 av_one_third  avia-builder-el-7  el_after_av_hr  el_before_av_two_third  first flex_column_div  '     ><section  class='av_textblock_section av-av_textblock-5423793a0e82d2455362b4eba580b48d '   itemscope=\"itemscope\" itemtype=\"https:\/\/schema.org\/CreativeWork\" ><div class='avia_textblock'  itemprop=\"text\" ><p><img loading=\"lazy\" decoding=\"async\" class=\"aligncenter wp-image-839 size-square\" src=\"http:\/\/www.lovauto.fr\/wp-content\/uploads\/2014\/05\/86807069-180x180.jpg\" alt=\"\" width=\"180\" height=\"180\" srcset=\"https:\/\/lovauto.fr\/wp-content\/uploads\/2014\/05\/86807069-180x180.jpg 180w, https:\/\/lovauto.fr\/wp-content\/uploads\/2014\/05\/86807069-80x80.jpg 80w, https:\/\/lovauto.fr\/wp-content\/uploads\/2014\/05\/86807069-36x36.jpg 36w, https:\/\/lovauto.fr\/wp-content\/uploads\/2014\/05\/86807069-120x120.jpg 120w, https:\/\/lovauto.fr\/wp-content\/uploads\/2014\/05\/86807069-450x450.jpg 450w\" sizes=\"auto, (max-width: 180px) 100vw, 180px\" \/><\/p>\n<\/div><\/section><\/div><div  class='flex_column av-av_two_third-e8b5fe92f046e7242c54fd1caeab6ce2 av_two_third  avia-builder-el-9  el_after_av_one_third  el_before_av_hr  flex_column_div  '     ><section  class='av_textblock_section av-av_textblock-5423793a0e82d2455362b4eba580b48d '   itemscope=\"itemscope\" itemtype=\"https:\/\/schema.org\/CreativeWork\" ><div class='avia_textblock'  itemprop=\"text\" ><p><strong>Secteur d\u2019activit\u00e9\u00a0: Entreprise de Travaux Publics H\u00c9RAULT<\/strong><\/p>\n<p>T\u00e9moignage de Serge H., G\u00e9rant entreprise.<\/p>\n<p><em>\u00a0\u00ab\u00a0Le gros avantage de Lovauto par rapport \u00e0 nos m\u00e9tiers, c\u2019est la location \u00e0 moyenne dur\u00e9e. Nous avons constamment besoin de v\u00e9hicules sur une p\u00e9riode de 1 \u00e0 3 mois, que ce soit des camions-bennes Mercedes Sprinter ou des utilitaires 20m3. L\u2019offre de service de Lovauto est donc parfaite pour nous. En plus, ils nous livrent partout en France dans l\u2019ensemble de nos filiales et viennent r\u00e9cup\u00e9rer les v\u00e9hicules \u00e0 remplacer\u00a0! Et tout est compris dans le tarif\u00a0: la r\u00e9vision, l\u2019assurance, le remplacement, etc.<\/em><br \/>\n<em>Lovauto est un partenaire efficace qui nous donne de la souplesse et de la r\u00e9activit\u00e9 sur notre c\u0153ur de m\u00e9tier.\u00a0\u00bb<\/em><\/p>\n<\/div><\/section><\/div><\/p>\n<div  class='hr av-av_hr-d3021aff4e2c88ff75459fd6b3a45a12 hr-default  avia-builder-el-11  el_after_av_two_third  el_before_av_one_third '><span class='hr-inner '><span class=\"hr-inner-style\"><\/span><\/span><\/div>\n<div  class='flex_column av-av_one_third-2a9015ff38129c418a3f2eafba3e9512 av_one_third  avia-builder-el-12  el_after_av_hr  el_before_av_two_third  first flex_column_div  '     ><section  class='av_textblock_section av-av_textblock-5423793a0e82d2455362b4eba580b48d '   itemscope=\"itemscope\" itemtype=\"https:\/\/schema.org\/CreativeWork\" ><div class='avia_textblock'  itemprop=\"text\" ><p><img loading=\"lazy\" decoding=\"async\" class=\"aligncenter wp-image-840 size-square\" src=\"http:\/\/www.lovauto.fr\/wp-content\/uploads\/2014\/05\/456518751-180x180.jpg\" alt=\"\" width=\"180\" height=\"180\" srcset=\"https:\/\/lovauto.fr\/wp-content\/uploads\/2014\/05\/456518751-180x180.jpg 180w, https:\/\/lovauto.fr\/wp-content\/uploads\/2014\/05\/456518751-80x80.jpg 80w, https:\/\/lovauto.fr\/wp-content\/uploads\/2014\/05\/456518751-36x36.jpg 36w, https:\/\/lovauto.fr\/wp-content\/uploads\/2014\/05\/456518751-120x120.jpg 120w, https:\/\/lovauto.fr\/wp-content\/uploads\/2014\/05\/456518751-450x450.jpg 450w\" sizes=\"auto, (max-width: 180px) 100vw, 180px\" \/><\/p>\n<\/div><\/section><\/div><div  class='flex_column av-av_two_third-e8b5fe92f046e7242c54fd1caeab6ce2 av_two_third  avia-builder-el-14  el_after_av_one_third  el_before_av_hr  flex_column_div  '     ><section  class='av_textblock_section av-av_textblock-5423793a0e82d2455362b4eba580b48d '   itemscope=\"itemscope\" itemtype=\"https:\/\/schema.org\/CreativeWork\" ><div class='avia_textblock'  itemprop=\"text\" ><p><strong>Secteur d\u2019activit\u00e9\u00a0: Commerce d\u2019assurance pour particulier<\/strong><\/p>\n<p>T\u00e9moignage de Suzanne T., Responsable Commercial.<\/p>\n<p><strong>\u00a0<\/strong><em>\u00ab\u00a0\u00c9tant donn\u00e9 l\u2019importante fluctuation de nos commerciaux, nous avons besoin de v\u00e9hicules sur des p\u00e9riodes courtes de 3 \u00e0 6 mois. Et la grande souplesse de service de Lovauto est de nous permettre de louer des v\u00e9hicules de soci\u00e9t\u00e9 en moyenne dur\u00e9e\u00a0! Les voitures sont m\u00eames livr\u00e9es chez nos commerciaux partout en France\u00a0! Nous avons toujours acc\u00e8s aux derniers mod\u00e8les de Renault M\u00e9gane, en mode renouvelable, c\u2019est id\u00e9al. <\/em><\/p>\n<p><em>Tous les v\u00e9hicules sont bien \u00e9videmment entretenus, assur\u00e9s et nous avons m\u00eame un v\u00e9hicule de remplacement en cas d\u2019incident. Lovauto nous offre un service de location sur mesure.\u00a0\u00bb<\/em><\/p>\n<\/div><\/section><\/div><\/p>\n<div  class='hr av-av_hr-d3021aff4e2c88ff75459fd6b3a45a12 hr-default  avia-builder-el-16  el_after_av_two_third  el_before_av_one_third '><span class='hr-inner '><span class=\"hr-inner-style\"><\/span><\/span><\/div>\n<div  class='flex_column av-av_one_third-2a9015ff38129c418a3f2eafba3e9512 av_one_third  avia-builder-el-17  el_after_av_hr  el_before_av_two_third  first flex_column_div  '     ><section  class='av_textblock_section av-av_textblock-5423793a0e82d2455362b4eba580b48d '   itemscope=\"itemscope\" itemtype=\"https:\/\/schema.org\/CreativeWork\" ><div class='avia_textblock'  itemprop=\"text\" ><p><img loading=\"lazy\" decoding=\"async\" class=\"aligncenter wp-image-841 size-square\" src=\"http:\/\/www.lovauto.fr\/wp-content\/uploads\/2014\/05\/466154137-180x180.jpg\" alt=\"\" width=\"180\" height=\"180\" srcset=\"https:\/\/lovauto.fr\/wp-content\/uploads\/2014\/05\/466154137-180x180.jpg 180w, https:\/\/lovauto.fr\/wp-content\/uploads\/2014\/05\/466154137-80x80.jpg 80w, https:\/\/lovauto.fr\/wp-content\/uploads\/2014\/05\/466154137-36x36.jpg 36w, https:\/\/lovauto.fr\/wp-content\/uploads\/2014\/05\/466154137-120x120.jpg 120w, https:\/\/lovauto.fr\/wp-content\/uploads\/2014\/05\/466154137-450x450.jpg 450w\" sizes=\"auto, (max-width: 180px) 100vw, 180px\" \/><\/p>\n<\/div><\/section><\/div><div  class='flex_column av-av_two_third-e8b5fe92f046e7242c54fd1caeab6ce2 av_two_third  avia-builder-el-19  el_after_av_one_third  el_before_av_hr  flex_column_div  '     ><section  class='av_textblock_section av-av_textblock-5423793a0e82d2455362b4eba580b48d '   itemscope=\"itemscope\" itemtype=\"https:\/\/schema.org\/CreativeWork\" ><div class='avia_textblock'  itemprop=\"text\" ><p><strong>Secteur d\u2019activit\u00e9\u00a0: Commerce de syst\u00e8me informatique d\u2019encaissement pour la restauration.<\/strong><\/p>\n<p>T\u00e9moignage de Patrick H., Chef de d\u2019entreprise.<\/p>\n<p><strong>\u00a0<\/strong><em>\u00ab\u00a0Notre entreprise assure la vente et la maintenance de syst\u00e8mes d\u2019encaissement chez nos clients restaurateurs. Nous avons 10 techniciens sur le secteur Grand Sud de la France qui utilisent des utilitaires de type Kangoo que nous louons chez Lovauto. Et pour ceux qui ne parcourent qu\u2019entre 100 et 150kms par jour (secteur Marseille et Montpellier), nous avons eu recours \u00e0 la location de v\u00e9hicules \u00e9lectriques, et tout fonctionne \u00e0 merveille\u00a0! Nos techniciens marseillais et montpelli\u00e9rains roulent d\u00e9sormais en Kangoo ZE, ce qui g\u00e9n\u00e8re une \u00e9conomie de co\u00fbt pour l\u2019entreprise en carburant consid\u00e9rable\u00a0! Et cela permet de participer \u00e0 la pr\u00e9servation de l\u2019environnement, et de mieux g\u00e9rer les d\u00e9penses sur les trajets. Essai tr\u00e8s concluant\u00a0! <\/em><\/p>\n<p><em>Par ailleurs, pendant la p\u00e9riode estivale, nous faisons appel \u00e0 des techniciens suppl\u00e9mentaires de par l\u2019augmentation de l\u2019activit\u00e9 de nos clients. La possibilit\u00e9 de louer des v\u00e9hicules au mois est pour nous tr\u00e8s rentable et int\u00e9ressante. Nous avons toujours des v\u00e9hicules neufs et parfaitement entretenus. <\/em><\/p>\n<p><em>Le service de location de v\u00e9hicule sur mesure propos\u00e9 par Lovauto correspond r\u00e9ellement \u00e0 nos besoin, en terme de souplesse et de comp\u00e9titivit\u00e9. <\/em><\/p>\n<p><em>Lovauto est notre partenaire sur la location de v\u00e9hicule depuis plus de 15 ans et a toujours su s\u2019adapter \u00e0 nos demandes. <\/em><\/p>\n<\/div><\/section><\/div><\/p>\n<div  class='hr av-av_hr-d3021aff4e2c88ff75459fd6b3a45a12 hr-default  avia-builder-el-21  el_after_av_two_third  el_before_av_textblock '><span class='hr-inner '><span class=\"hr-inner-style\"><\/span><\/span><\/div>\n<section  class='av_textblock_section av-av_textblock-5423793a0e82d2455362b4eba580b48d '   itemscope=\"itemscope\" itemtype=\"https:\/\/schema.org\/CreativeWork\" ><div class='avia_textblock'  itemprop=\"text\" ><h5 style=\"text-align: center;\">Faites-nous part de vos exp\u00e9riences !<\/h5>\n<\/div><\/section>\n<div  class='avia-button-wrap av-av_button-44d28553fb72a48b9eca4a3a62218e3b-wrap avia-button-center  avia-builder-el-23  el_after_av_textblock  avia-builder-el-last '><a href='https:\/\/lovauto.fr\/?page_id=21'  class='avia-button av-av_button-44d28553fb72a48b9eca4a3a62218e3b av-link-btn avia-icon_select-no avia-size-medium avia-position-center avia-color-theme-color'  ><span class='avia_iconbox_title' >Contactez-nous ici<\/span><\/a><\/div>\n","protected":false},"excerpt":{"rendered":"","protected":false},"author":2,"featured_media":0,"parent":153,"menu_order":0,"comment_status":"open","ping_status":"open","template":"","meta":{"footnotes":""},"class_list":["post-444","page","type-page","status-publish","hentry"],"yoast_head":"<!-- This site is optimized with the Yoast SEO plugin v27.3 - https:\/\/yoast.com\/product\/yoast-seo-wordpress\/ -->\n<title>Nos clients professionnels - lovauto<\/title>\n<meta name=\"robots\" content=\"index, follow, max-snippet:-1, max-image-preview:large, max-video-preview:-1\" \/>\n<link rel=\"canonical\" href=\"https:\/\/lovauto.fr\/?page_id=444\" \/>\n<meta property=\"og:locale\" content=\"fr_FR\" \/>\n<meta property=\"og:type\" content=\"article\" \/>\n<meta property=\"og:title\" content=\"Nos clients professionnels - lovauto\" \/>\n<meta property=\"og:url\" content=\"https:\/\/lovauto.fr\/?page_id=444\" \/>\n<meta property=\"og:site_name\" content=\"lovauto\" \/>\n<meta property=\"article:modified_time\" content=\"2014-06-06T13:11:45+00:00\" \/>\n<meta property=\"og:image\" content=\"http:\/\/www.lovauto.fr\/wp-content\/uploads\/2014\/05\/455670997-180x180.jpg\" \/>\n<meta name=\"twitter:label1\" content=\"Dur\u00e9e de lecture estim\u00e9e\" \/>\n\t<meta name=\"twitter:data1\" content=\"5 minutes\" \/>\n<script type=\"application\/ld+json\" class=\"yoast-schema-graph\">{\"@context\":\"https:\\\/\\\/schema.org\",\"@graph\":[{\"@type\":\"WebPage\",\"@id\":\"https:\\\/\\\/lovauto.fr\\\/?page_id=444\",\"url\":\"https:\\\/\\\/lovauto.fr\\\/?page_id=444\",\"name\":\"Nos clients professionnels - lovauto\",\"isPartOf\":{\"@id\":\"https:\\\/\\\/lovauto.fr\\\/#website\"},\"primaryImageOfPage\":{\"@id\":\"https:\\\/\\\/lovauto.fr\\\/?page_id=444#primaryimage\"},\"image\":{\"@id\":\"https:\\\/\\\/lovauto.fr\\\/?page_id=444#primaryimage\"},\"thumbnailUrl\":\"http:\\\/\\\/www.lovauto.fr\\\/wp-content\\\/uploads\\\/2014\\\/05\\\/455670997-180x180.jpg\",\"datePublished\":\"2014-05-22T09:48:48+00:00\",\"dateModified\":\"2014-06-06T13:11:45+00:00\",\"breadcrumb\":{\"@id\":\"https:\\\/\\\/lovauto.fr\\\/?page_id=444#breadcrumb\"},\"inLanguage\":\"fr-FR\",\"potentialAction\":[{\"@type\":\"ReadAction\",\"target\":[\"https:\\\/\\\/lovauto.fr\\\/?page_id=444\"]}]},{\"@type\":\"ImageObject\",\"inLanguage\":\"fr-FR\",\"@id\":\"https:\\\/\\\/lovauto.fr\\\/?page_id=444#primaryimage\",\"url\":\"http:\\\/\\\/www.lovauto.fr\\\/wp-content\\\/uploads\\\/2014\\\/05\\\/455670997-180x180.jpg\",\"contentUrl\":\"http:\\\/\\\/www.lovauto.fr\\\/wp-content\\\/uploads\\\/2014\\\/05\\\/455670997-180x180.jpg\"},{\"@type\":\"BreadcrumbList\",\"@id\":\"https:\\\/\\\/lovauto.fr\\\/?page_id=444#breadcrumb\",\"itemListElement\":[{\"@type\":\"ListItem\",\"position\":1,\"name\":\"Accueil\",\"item\":\"https:\\\/\\\/lovauto.fr\\\/\"},{\"@type\":\"ListItem\",\"position\":2,\"name\":\"T\u00e9moignages\",\"item\":\"https:\\\/\\\/lovauto.fr\\\/?page_id=153\"},{\"@type\":\"ListItem\",\"position\":3,\"name\":\"Nos clients professionnels\"}]},{\"@type\":\"WebSite\",\"@id\":\"https:\\\/\\\/lovauto.fr\\\/#website\",\"url\":\"https:\\\/\\\/lovauto.fr\\\/\",\"name\":\"lovauto\",\"description\":\"Location de v\u00e9hicules\",\"potentialAction\":[{\"@type\":\"SearchAction\",\"target\":{\"@type\":\"EntryPoint\",\"urlTemplate\":\"https:\\\/\\\/lovauto.fr\\\/?s={search_term_string}\"},\"query-input\":{\"@type\":\"PropertyValueSpecification\",\"valueRequired\":true,\"valueName\":\"search_term_string\"}}],\"inLanguage\":\"fr-FR\"}]}<\/script>\n<!-- \/ Yoast SEO plugin. -->","yoast_head_json":{"title":"Nos clients professionnels - lovauto","robots":{"index":"index","follow":"follow","max-snippet":"max-snippet:-1","max-image-preview":"max-image-preview:large","max-video-preview":"max-video-preview:-1"},"canonical":"https:\/\/lovauto.fr\/?page_id=444","og_locale":"fr_FR","og_type":"article","og_title":"Nos clients professionnels - lovauto","og_url":"https:\/\/lovauto.fr\/?page_id=444","og_site_name":"lovauto","article_modified_time":"2014-06-06T13:11:45+00:00","og_image":[{"url":"http:\/\/www.lovauto.fr\/wp-content\/uploads\/2014\/05\/455670997-180x180.jpg","type":"","width":"","height":""}],"twitter_misc":{"Dur\u00e9e de lecture estim\u00e9e":"5 minutes"},"schema":{"@context":"https:\/\/schema.org","@graph":[{"@type":"WebPage","@id":"https:\/\/lovauto.fr\/?page_id=444","url":"https:\/\/lovauto.fr\/?page_id=444","name":"Nos clients professionnels - lovauto","isPartOf":{"@id":"https:\/\/lovauto.fr\/#website"},"primaryImageOfPage":{"@id":"https:\/\/lovauto.fr\/?page_id=444#primaryimage"},"image":{"@id":"https:\/\/lovauto.fr\/?page_id=444#primaryimage"},"thumbnailUrl":"http:\/\/www.lovauto.fr\/wp-content\/uploads\/2014\/05\/455670997-180x180.jpg","datePublished":"2014-05-22T09:48:48+00:00","dateModified":"2014-06-06T13:11:45+00:00","breadcrumb":{"@id":"https:\/\/lovauto.fr\/?page_id=444#breadcrumb"},"inLanguage":"fr-FR","potentialAction":[{"@type":"ReadAction","target":["https:\/\/lovauto.fr\/?page_id=444"]}]},{"@type":"ImageObject","inLanguage":"fr-FR","@id":"https:\/\/lovauto.fr\/?page_id=444#primaryimage","url":"http:\/\/www.lovauto.fr\/wp-content\/uploads\/2014\/05\/455670997-180x180.jpg","contentUrl":"http:\/\/www.lovauto.fr\/wp-content\/uploads\/2014\/05\/455670997-180x180.jpg"},{"@type":"BreadcrumbList","@id":"https:\/\/lovauto.fr\/?page_id=444#breadcrumb","itemListElement":[{"@type":"ListItem","position":1,"name":"Accueil","item":"https:\/\/lovauto.fr\/"},{"@type":"ListItem","position":2,"name":"T\u00e9moignages","item":"https:\/\/lovauto.fr\/?page_id=153"},{"@type":"ListItem","position":3,"name":"Nos clients professionnels"}]},{"@type":"WebSite","@id":"https:\/\/lovauto.fr\/#website","url":"https:\/\/lovauto.fr\/","name":"lovauto","description":"Location de v\u00e9hicules","potentialAction":[{"@type":"SearchAction","target":{"@type":"EntryPoint","urlTemplate":"https:\/\/lovauto.fr\/?s={search_term_string}"},"query-input":{"@type":"PropertyValueSpecification","valueRequired":true,"valueName":"search_term_string"}}],"inLanguage":"fr-FR"}]}},"_links":{"self":[{"href":"https:\/\/lovauto.fr\/index.php?rest_route=\/wp\/v2\/pages\/444","targetHints":{"allow":["GET"]}}],"collection":[{"href":"https:\/\/lovauto.fr\/index.php?rest_route=\/wp\/v2\/pages"}],"about":[{"href":"https:\/\/lovauto.fr\/index.php?rest_route=\/wp\/v2\/types\/page"}],"author":[{"embeddable":true,"href":"https:\/\/lovauto.fr\/index.php?rest_route=\/wp\/v2\/users\/2"}],"replies":[{"embeddable":true,"href":"https:\/\/lovauto.fr\/index.php?rest_route=%2Fwp%2Fv2%2Fcomments&post=444"}],"version-history":[{"count":20,"href":"https:\/\/lovauto.fr\/index.php?rest_route=\/wp\/v2\/pages\/444\/revisions"}],"predecessor-version":[{"id":932,"href":"https:\/\/lovauto.fr\/index.php?rest_route=\/wp\/v2\/pages\/444\/revisions\/932"}],"up":[{"embeddable":true,"href":"https:\/\/lovauto.fr\/index.php?rest_route=\/wp\/v2\/pages\/153"}],"wp:attachment":[{"href":"https:\/\/lovauto.fr\/index.php?rest_route=%2Fwp%2Fv2%2Fmedia&parent=444"}],"curies":[{"name":"wp","href":"https:\/\/api.w.org\/{rel}","templated":true}]}}